Let g = 320 + l. Calculate the remainder when 19 is divided by g.
3
Suppose -4*d + 694 = -o, 13 = 4*o + 5. Let m = d + -123. What is the remainder when m is divided by ((-338)/(-20) - (-33)/330) + 2 + -10?
6
Calculate the remainder when -1719*(3 + (-110)/33) is divided by 48.
45
Let q(f) = 2*f**2 - 32*f - 266. Calculate the remainder when q(-23) is divided by 45.
43
Let q(i) be the second derivative of -4*i**4/3 - i**3/3 - i**2 + 20*i. Let j be q(-2). Let a = -55 - j. What is the remainder when 23 is divided by a?
2
Suppose 14*v - 30 = 9*v. Let b = -21 - -30. What is the remainder when b is divided by v?
3
Let i = 2090 + 12014. Calculate the remainder when i is divided by 155.
154
Let n(t) = -35*t - 169. Let h be n(-5). Suppose -221 = -k + 5*s, 0 = s + 2*s - h. Calculate the remainder when k is divided by 80.
71
Let u(n) = -n**3 - 10*n**2 - 12*n - 77. What is the remainder when 425 is divided by u(-10)?
38
Suppose 28*s + 36110 = 59*s - 26*s. Calculate the remainder when s is divided by 42.
40
Suppose -3*y - 344 = 7*d - 11*d, 2*d = y + 174. What is the remainder when 292 is divided by d?
25
Let a be (-70434)/(-162) - 4/(-18). Suppose -10*z = 5*z - a. Calculate the remainder when z is divided by 8.
5
Let m(v) = -17*v + 85. Let t(x) = -14*x + 84. Let y(b) = -3*m(b) + 4*t(b). Calculate the remainder when 447 is divided by y(8).
37
Let t(z) = z**3 - 593*z**2 + 1805*z - 20367. Calculate the remainder when t(590) is divided by 2*(-12)/(-2 + 0).
7
Suppose 0 = -21*v + 17*v + 428. Suppose -103*m - 192 = -v*m. Let n(c) = -17*c. What is the remainder when m is divided by n(-1)?
14
Suppose -5 = -v - 2*a, -4*v + 5*a + 4 = -16. Suppose 30 = -v*h - 10. Calculate the remainder when 6/h*40/45*-24 is divided by 14.
2
Let y = 310 + -192. Let x(c) = -c**3 - 10*c**2 + 13*c + 26. Let p be x(-11). Suppose 0 = p*s - 127 + 7. Calculate the remainder when y is divided by s.
28
Calculate the remainder when 710 is divided by ((-14352)/(-2184))/((-2)/(-7)).
20
Suppose -q = -2 - 8. Let s(p) = -3*p**2 + 7*p + 11. Let b(h) = -h**2 + 3*h + 5. Let d(v) = 9*b(v) - 4*s(v). Calculate the remainder when d(-2) is divided by q.
5
Suppose 84 - 54 = 6*n. Suppose 0*r = -n*r + 2*x + 140, 10 = r - 4*x. Calculate the remainder when 81 is divided by r.
21
Suppose -26*n + 32*n = 156. Let d = 1756 + -1753. Calculate the remainder when n is divided by d.
2
Calculate the remainder when 125 is divided by ((-485)/(-1940))/((-50)/(-48) - (-3)/(-3)).
5
Suppose 5*h = -5*y - 340 - 105, -4*y = -4*h - 388. Let a = 124 + h. Calculate the remainder when 152 is divided by a.
28
Let i(x) = -84*x**2 - 16*x - 10. Let q be i(-5). Calculate the remainder when -4 + q/(-10) - -4 is divided by 12.
11
Let i(c) = 11*c - 1. Let b(j) = 50*j - 53. Calculate the remainder when b(2) is divided by i(1).
7
Let r = -990 + 1011. Suppose 1107 = i + 8*i. Calculate the remainder when i is divided by r.
18
Let g(k) = -k**3 - 30*k**2 + 34*k + 69. Let x be g(-31). Let s = x + 33. What is the remainder when s is divided by (10 + 0)/(2 - 0)?
4
Let m(b) = b**2 + 57*b + 331. What is the remainder when 186 is divided by m(-52)?
44
Let m = -99 + 103. Suppose -5*a + 741 = -4*o, 306 = -m*a + 6*a - 4*o. What is the remainder when a is divided by 37?
34
Suppose 9*r = 251 + 253. Calculate the remainder when 154 is divided by r - (8 + (-28)/7).
50
Suppose g + t - 3 = 0, 780*g - 5*t = 779*g - 3. What is the remainder when 741 is divided by g?
1
Let o(h) = 91 + 102 - 3*h - 192. What is the remainder when o(-1) is divided by 1?
0
Suppose 0 = -5*o - g + 113, 0 = -250*o + 254*o - 2*g - 82. What is the remainder when 64 is divided by o?
20
Let d(p) = 13*p**2 + 130*p + 382. Calculate the remainder when 125 is divided by d(-3).
16
Let t = 5606 + -5559. What is the remainder when 1294 is divided by t?
25
Suppose -1225*z = -1310*z + 1700. What is the remainder when ((-1)/2)/((-3)/1554) is divided by z?
19
Let n(t) = t + 16. Let i be n(4). Let o be -4 + 34/8 + 55/i. Calculate the remainder when 36 is divided by 7 + (3 - o/3).
0
Calculate the remainder when ((-3416)/35)/2*(3 - 18) is divided by 115.
42
Suppose 7*m - m + 6 = 0. Let b = m - -14. What is the remainder when b is divided by 10?
3
Suppose 3*p - 223 = -5*x, 3*p + 5*x - x - 215 = 0. What is the remainder when 185 is divided by p?
2
Suppose -5*x + 294 = 3*j, -5*j + 166 = -3*x - 222. Calculate the remainder when 10705 is divided by j.
81
Let h(a) = a**2 + 1. Let k be h(1). Suppose 0 = -5*m - 0*i - 5*i + 40, -5*m + k*i + 40 = 0. Calculate the remainder when 38 is divided by m.
6
Let a(q) = 12*q + 182. Let x be a(-14). Suppose f - x = -l, 20 - 66 = -4*f + l. Calculate the remainder when (174/(-4))/((-6)/8) is divided by f.
10
Suppose -16*p - 4*p = -24357 - 28043. What is the remainder when p is divided by 69?
67
Suppose 2*l + w - 68 = -3*l, l + 4*w = 25. Suppose -2*j + 96 = 3*r, 0 = 5*r + 8*j - 7*j - 153. Calculate the remainder when r is divided by l.
4
Suppose 5*r + 76 = -22*q, -23 = 53*r - 52*r + 5*q. Let k(x) = 15*x**2 - 3*x + 2. Calculate the remainder when k(-3) is divided by r.
20
Suppose -4155 + 6283 = 38*g. Calculate the remainder when 522 is divided by g.
18
Let j(h) = -3*h**3 - 48*h**2 - 128*h - 3. Calculate the remainder when 16076 is divided by j(-3).
26
Let l = -92 - 22. What is the remainder when 4/38 + (-21990)/l is divided by 65?
63
Calculate the remainder when (-88)/28*(-190 + -13) is divided by 35.
8
Suppose 2*z - 90 = -3*a, -1073*a + 1075*a - 2*z - 60 = 0. What is the remainder when 19259 is divided by a?
29
Let p = 230 - 224. What is the remainder when (-15 - 6)/(p/(-34)) is divided by 61?
58
Suppose 0 = 3*u + 4*x + 5, 0 = 5*u + 2*x - 0*x + 13. Let v(w) = -27*w + 41. Calculate the remainder when v(u) is divided by 31.
29
Let l = 16312 + -16280. What is the remainder when 630 is divided by l?
22
Suppose 63 = q - 3*i + 49, 4*q + 2*i - 56 = 0. Calculate the remainder when ((-6)/4)/(-2*9/264) is divided by q.
8
Suppose h - v = -h + 17, 2*v = 3*h - 24. Calculate the remainder when 57/21 + 11 - 8/(-28) is divided by (-4)/h - (-66)/15.
2
Let y(g) = 7*g**2 + g**3 + 28 + 29 + 3*g**2 - g**2 - 20*g. What is the remainder when 190 is divided by y(-11)?
15
Suppose -1984*q + 1080 = -1966*q. What is the remainder when 7379 is divided by q?
59
Let t = -4723 + 4751. Calculate the remainder when 1115 is divided by t.
23
Suppose 0*k = -2*k - 3*m + 13, 4*k = 3*m + 71. Let c = k - -49. Let g = -1653 - -1671. What is the remainder when c is divided by g?
9
Suppose -8*k + 1828 = -1532. Let q = 428 - k. What is the remainder when 32 is divided by q?
0
Let x = 7053 + -7026. What is the remainder when 60 is divided by x?
6
Suppose 0 = 2*o + 4*q - 258, -91*q + 92*q = -o + 128. Calculate the remainder when o is divided by 10.
7
Let l be 32/(-18) + (-6)/27. Let i be -4 + (-10 - -20) + -10. Calculate the remainder when 7 is divided by (l + (-30)/(-25))/(i/10).
1
Suppose g - 2*g - 4*b = -2, -20 = 5*g + 5*b. Let h(k) = 12*k + 87. What is the remainder when 89 is divided by h(g)?
14
Suppose -17446 = -110*r - 33*r. What is the remainder when 400 is divided by r?
34
Calculate the remainder when (-154)/(-5)*(3/6 + (-133)/(-14)) is divided by 114.
80
Calculate the remainder when 54 is divided by (-7 - (-465)/65) + (-1359)/(-39).
19
Suppose 5*l - 245 = -2*u, l + 61 = 2*l - 2*u. Let i = -11552 + 11755. What is the remainder when i is divided by l?
50
Let d = 5 - 6. Let w be (d*(-2)/4)/(1/6). Let p(t) = t**3 - 2*t**2 + 2*t. What is the remainder when 70 is divided by p(w)?
10
Let z = 140 + -136. Suppose t + z*j = 5*t - 64, 0 = 2*j - 2. What is the remainder when 100 is divided by t?
15
Suppose 8*t - 3*t - 15 = 0. Let q be (-44)/14 - t/(-21). What is the remainder when (-1281)/(-21) - (q + 1) is divided by 22?
19
What is the remainder when 2666 is divided by 58305/1196 + (-33)/12?
44
Suppose -2680 = 130*b - 264*b. Suppose -6*q + 2*q + 388 = 0. Calculate the remainder when q is divided by b.
17
Let y(l) be the third derivative of -l**4/2 - 77*l**3/6 - l**2 + 28. Calculate the remainder when y(-14) is divided by 23.
22
Suppose -4*c - 4*j = -100, j + 55 = 4*c - 60. Calculate the remainder when 1197 is divided by c.
21
Suppose -5*c - 6*f + 2*f - 1057 = 0, -3*f = -6. Suppose 102 + 176 = -2*k. Let j = k - c. Calculate 